{"id":1228,"date":"2014-08-01T09:52:44","date_gmt":"2014-08-01T09:52:44","guid":{"rendered":"http:\/\/www.cder.org.rs\/srpski\/?page_id=1228"},"modified":"2014-08-07T09:01:13","modified_gmt":"2014-08-07T09:01:13","slug":"misija-i-vizija","status":"publish","type":"page","link":"https:\/\/www.cder.org.rs\/srpski\/misija-i-vizija\/","title":{"rendered":"Misija i vizija"},"content":{"rendered":"<p><span style=\"color: #808080;\"><strong><br \/>\nMisija:<\/strong> <\/span><br \/>\nPosve\u0107eni razvoju zajednice gradimo mre\u017eu partnerstava sa lokalnim i me\u0111unarodnim klju\u010dnim akterima i gra\u0111anima kako bi svi zajedno kreirali inkluzivno, inovativno i kreativno dru\u0161tvo.<\/p>\n<p><span style=\"color: #808080;\"><strong>Vizija:<\/strong> <\/span><br \/>\nMi smo organizacija koja gra\u0111anima prva padne na pamet kada govore o u\u010de\u0161\u0107u civilnog sektora u izgradnji ekonomski sna\u017enog, inkluzivnog, inovativnog i kreativnog dru\u0161tva.<\/p>\n","protected":false},"excerpt":{"rendered":"<p>Misija: Posve\u0107eni razvoju zajednice gradimo mre\u017eu partnerstava sa lokalnim i me\u0111unarodnim klju\u010dnim akterima i gra\u0111anima kako bi svi zajedno kreirali inkluzivno, inovativno i kreativno dru\u0161tvo. Vizija: Mi smo organizacija koja gra\u0111anima prva padne na pamet kada govore o u\u010de\u0161\u0107u civilnog sektora u izgradnji ekonomski sna\u017enog, inkluzivnog, inovativnog i kreativnog dru\u0161tva.<\/p>\n","protected":false},"author":1,"featured_media":0,"parent":0,"menu_order":0,"comment_status":"closed","ping_status":"closed","template":"","meta":{"footnotes":""},"class_list":["post-1228","page","type-page","status-publish","hentry"],"_links":{"self":[{"href":"https:\/\/www.cder.org.rs\/srpski\/wp-json\/wp\/v2\/pages\/1228"}],"collection":[{"href":"https:\/\/www.cder.org.rs\/srpski\/wp-json\/wp\/v2\/pages"}],"about":[{"href":"https:\/\/www.cder.org.rs\/srpski\/wp-json\/wp\/v2\/types\/page"}],"author":[{"embeddable":true,"href":"https:\/\/www.cder.org.rs\/srpski\/wp-json\/wp\/v2\/users\/1"}],"replies":[{"embeddable":true,"href":"https:\/\/www.cder.org.rs\/srpski\/wp-json\/wp\/v2\/comments?post=1228"}],"version-history":[{"count":4,"href":"https:\/\/www.cder.org.rs\/srpski\/wp-json\/wp\/v2\/pages\/1228\/revisions"}],"predecessor-version":[{"id":1262,"href":"https:\/\/www.cder.org.rs\/srpski\/wp-json\/wp\/v2\/pages\/1228\/revisions\/1262"}],"wp:attachment":[{"href":"https:\/\/www.cder.org.rs\/srpski\/wp-json\/wp\/v2\/media?parent=1228"}],"curies":[{"name":"wp","href":"https:\/\/api.w.org\/{rel}","templated":true}]}}