{"id":1230,"date":"2014-08-01T09:53:40","date_gmt":"2014-08-01T09:53:40","guid":{"rendered":"http:\/\/www.cder.org.rs\/srpski\/?page_id=1230"},"modified":"2014-08-02T18:58:43","modified_gmt":"2014-08-02T18:58:43","slug":"ciljevi","status":"publish","type":"page","link":"https:\/\/www.cder.org.rs\/srpski\/ciljevi\/","title":{"rendered":"Ciljevi"},"content":{"rendered":"<ul>\n<li>Izgradnja kapaciteta institucija i organizacija u javnom i civilnom sektoru i partnersko delovanje zarad dobrobiti zajednice uz uverenje da su lokalna znanja i prakse nezamenjiv elemenat odr\u017eivog dru\u0161tveno-ekonomskog razvoja<\/li>\n<\/ul>\n<ul>\n<li>Podsticanje socijalnog razvoja kroz razvijanje mre\u017ee standardizovanih i dostupnih socijalnix usluga i obezbe\u0111ivanje materijalne sigurnosti za sve egzistencijalno ugro\u017eene gra\u0111ane;<\/li>\n<\/ul>\n<ul>\n<li>Izgradnja dru\u0161tva znanja razvijanjem inovativnih modela obrazovanja i obuka i kontinuiranim unapre\u0111enjem ljudskih resursa putem celo\u017eivotnog obrazovanja;<\/li>\n<\/ul>\n<ul>\n<li>Aktivan anga\u017eman u oblasti omladinske politike, zalaganje za pobolj\u0161anje polo\u017eaja mladih, podsticanje omladinskog aktivizma i mobilnosti, edukovanje mladih i drugi oblici rada sa mladima i za mlade;<\/li>\n<\/ul>\n<ul>\n<li>Ja\u010danje kulturnog i kreativnog sektora\/industrija obezbe\u0111ivanjem relevantnih kompetencija i znanja, podsticanjem savremenog stvarala\u0161tva i kori\u0161\u0107enja digitalnih tehnologija, pospe\u0161ivanjem mobilnosti kulturnih aktera i umetnika, radom na razvoju publike i na druge na\u010dine;<\/li>\n<\/ul>\n<ul>\n<li>Promocija i prezentacija kulturnog nasle\u0111a i bibliote\u010dke delatnosti, doprinos o\u010duvanju, istra\u017eenosti, dostupnosti i odr\u017eivoj upotrebi kulturnog nasle\u0111a, rad na digitalizaciji nasle\u0111a i edukacija relevantnih aktera;<\/li>\n<\/ul>\n<ul>\n<li>Izgradnja ure\u0111enog tr\u017ei\u0161ta i dru\u0161tva sa efikasnim institucijama koje kroz saradnju sa privrednim i civilnim akterima stvaraju i bri\u017eno sprovode politike i mere u slu\u017ebi javnog interesa;<\/li>\n<\/ul>\n<ul>\n<li>Podsticanje uklju\u010divanja gra\u0111ana u svet rada, promovisanje i razvijanje profesionalne orijentacije, karijernog vo\u0111enja, celo\u017eivotnog u\u010denja i preduzetni\u0161tva.<\/li>\n<\/ul>\n<ul>\n<li>Ja\u010danje privrede i poljoprivrede kroz uspostavljanje podsticajnog ambijenta za sna\u017ean i odr\u017eiv razvoj uskla\u0111en sa ekolo\u0161kim obzirima i usmeren na unapre\u0111enje socijalne kohezije;<\/li>\n<\/ul>\n<ul>\n<li>Promocija i za\u0161tita ljudskih prava, borba protiv diskriminacije, \u0161irenje kulture mira, tolerancije, interkulturalnih vrednosti, dijaloga, saradnje i nenasilnog re\u0161avanja sukoba;<\/li>\n<\/ul>\n<ul>\n<li>Stvaranje dru\u0161tva jednakih \u0161ansi za sve kroz socijalnu inkluziju marginalizovanih grupa \u2013 posebno osoba sa invaliditetom uklju\u010duju\u0107i i vojne i civilne invalide rata, starih, izbeglih i interno raseljenih lica, Roma, mladih i dugotrajno nezaposlenih lica;<\/li>\n<\/ul>\n<ul>\n<li>Umre\u017eavanje, razvijanje doma\u0107ih, regionalnih i me\u0111unarodnih partnerstava i platformi, kao i saradnja sa dijasporom i Srbima u regionu.<\/li>\n<\/ul>\n","protected":false},"excerpt":{"rendered":"<p>Izgradnja kapaciteta institucija i organizacija u javnom i civilnom sektoru i partnersko delovanje zarad dobrobiti zajednice uz uverenje da su lokalna znanja i prakse nezamenjiv elemenat odr\u017eivog dru\u0161tveno-ekonomskog razvoja Podsticanje socijalnog razvoja kroz razvijanje mre\u017ee standardizovanih i dostupnih socijalnix usluga i obezbe\u0111ivanje materijalne sigurnosti za sve egzistencijalno ugro\u017eene gra\u0111ane; Izgradnja dru\u0161tva znanja razvijanjem inovativnih modela [&hellip;]<\/p>\n","protected":false},"author":1,"featured_media":0,"parent":0,"menu_order":0,"comment_status":"closed","ping_status":"closed","template":"","meta":{"footnotes":""},"class_list":["post-1230","page","type-page","status-publish","hentry"],"_links":{"self":[{"href":"https:\/\/www.cder.org.rs\/srpski\/wp-json\/wp\/v2\/pages\/1230"}],"collection":[{"href":"https:\/\/www.cder.org.rs\/srpski\/wp-json\/wp\/v2\/pages"}],"about":[{"href":"https:\/\/www.cder.org.rs\/srpski\/wp-json\/wp\/v2\/types\/page"}],"author":[{"embeddable":true,"href":"https:\/\/www.cder.org.rs\/srpski\/wp-json\/wp\/v2\/users\/1"}],"replies":[{"embeddable":true,"href":"https:\/\/www.cder.org.rs\/srpski\/wp-json\/wp\/v2\/comments?post=1230"}],"version-history":[{"count":3,"href":"https:\/\/www.cder.org.rs\/srpski\/wp-json\/wp\/v2\/pages\/1230\/revisions"}],"predecessor-version":[{"id":1259,"href":"https:\/\/www.cder.org.rs\/srpski\/wp-json\/wp\/v2\/pages\/1230\/revisions\/1259"}],"wp:attachment":[{"href":"https:\/\/www.cder.org.rs\/srpski\/wp-json\/wp\/v2\/media?parent=1230"}],"curies":[{"name":"wp","href":"https:\/\/api.w.org\/{rel}","templated":true}]}}