{"id":1251,"date":"2014-08-02T18:27:18","date_gmt":"2014-08-02T18:27:18","guid":{"rendered":"http:\/\/www.cder.org.rs\/srpski\/?page_id=1251"},"modified":"2014-08-10T12:05:01","modified_gmt":"2014-08-10T12:05:01","slug":"kontakt","status":"publish","type":"page","link":"https:\/\/www.cder.org.rs\/srpski\/kontakt\/","title":{"rendered":"Kontakt"},"content":{"rendered":"<h5 style=\"margin-top: -10px;\"><span style=\"color: #666699;\">Adresa:<\/span><br \/>\n<span style=\"color: #666699;\"> Vuka Karad\u017ei\u0107a bb<\/span><br \/>\n<span style=\"color: #666699;\"> T.C. &#8220;\u017dir&#8221;, prvi sprat,\u00a0<\/span><span style=\"color: #666699;\">lokal L-2<\/span><br \/>\n<span style=\"color: #666699;\"> 35000 Jagodina,\u00a0<\/span><span style=\"color: #666699;\">Srbija<\/span><\/h5>\n<p>Telefon:<br \/>\n+381 35 8843 779<br \/>\nFax:<br \/>\n+381 35 8844 598<br \/>\nMobilni:<br \/>\n+381 64 19 19 045<br \/>\n+381 62 425 718<br \/>\ne-mail: <a class=\"kontakt_link\" title=\"office@cder.org.rs\" href=\"mailto:office@cder.org.rs\">office@cder.org.rs<\/a><\/p>\n","protected":false},"excerpt":{"rendered":"<p>Adresa: Vuka Karad\u017ei\u0107a bb T.C. &#8220;\u017dir&#8221;, prvi sprat,\u00a0lokal L-2 35000 Jagodina,\u00a0Srbija Telefon: +381 35 8843 779 Fax: +381 35 8844 598 Mobilni: +381 64 19 19 045 +381 62 425 718 e-mail: office@cder.org.rs<\/p>\n","protected":false},"author":1,"featured_media":0,"parent":0,"menu_order":0,"comment_status":"closed","ping_status":"closed","template":"","meta":{"footnotes":""},"class_list":["post-1251","page","type-page","status-publish","hentry"],"_links":{"self":[{"href":"https:\/\/www.cder.org.rs\/srpski\/wp-json\/wp\/v2\/pages\/1251"}],"collection":[{"href":"https:\/\/www.cder.org.rs\/srpski\/wp-json\/wp\/v2\/pages"}],"about":[{"href":"https:\/\/www.cder.org.rs\/srpski\/wp-json\/wp\/v2\/types\/page"}],"author":[{"embeddable":true,"href":"https:\/\/www.cder.org.rs\/srpski\/wp-json\/wp\/v2\/users\/1"}],"replies":[{"embeddable":true,"href":"https:\/\/www.cder.org.rs\/srpski\/wp-json\/wp\/v2\/comments?post=1251"}],"version-history":[{"count":24,"href":"https:\/\/www.cder.org.rs\/srpski\/wp-json\/wp\/v2\/pages\/1251\/revisions"}],"predecessor-version":[{"id":1354,"href":"https:\/\/www.cder.org.rs\/srpski\/wp-json\/wp\/v2\/pages\/1251\/revisions\/1354"}],"wp:attachment":[{"href":"https:\/\/www.cder.org.rs\/srpski\/wp-json\/wp\/v2\/media?parent=1251"}],"curies":[{"name":"wp","href":"https:\/\/api.w.org\/{rel}","templated":true}]}}