{"id":977,"date":"2014-07-28T10:21:56","date_gmt":"2014-07-28T10:21:56","guid":{"rendered":"http:\/\/www.cder.org.rs\/srpski\/?page_id=977"},"modified":"2026-02-08T18:28:43","modified_gmt":"2026-02-08T18:28:43","slug":"aktuelni-projekti","status":"publish","type":"page","link":"https:\/\/www.cder.org.rs\/srpski\/aktuelni-projekti\/","title":{"rendered":"Aktuelni projekti"},"content":{"rendered":"<h5><strong><span style=\"color: #666699;\">MEDIActive Youth: Informing the Balkans<\/span><\/strong><\/h5>\n<p>Op\u0161ti cilj ovog dvogodi\u0161njeg projekta je nastavak izgradnje kapaciteta omladinskih nevladinih organizacija na globalnom nivou i razvoj novih visokokvalitetnih resursa otvorenog obrazovanja (OER) u oblasti medijske, tj. novinske pismenosti. Posebna pa\u017enja je posve\u0107ena Balkanu u \u0161irem evropskom kontekstu, a ovaj projekat \u0107e omogu\u0107iti organizacijama i mladima sa Balkana da se uklju\u010de u MEDIActive inicijativu, ali i oja\u010dati dijalog i postkonfliktno pomirenje u ovom regionu.<\/p>\n<p>&nbsp;<\/p>\n<p>Specifi\u010dni ciljevi projekta su:<\/p>\n<ol type=\"1\">\n<li>Pove\u0107anje kapaciteta omladinskih NVO\/radnika\/aktivista iz 6 balkanskih zemalja u oblasti novinske pismenosti, kriti\u010dkog mi\u0161ljenja i medijskog aktivizma i podsticanje njihovog aktivnog u\u010de\u0161\u0107a u dru\u0161tvu.<\/li>\n<li>Kreiranje visokokvalitetnih vi\u0161ejezi\u010dnih otvorenih obrazovnih resursa (OER) za inovativno u\u010denje o novinskoj pismenosti i kriti\u010dkom mi\u0161ljenju.<\/li>\n<li>Dalje unapre\u0111enje omladinskog e-magazina TYM anga\u017eovanjem omladinskih aktivista sa Balkana da po\u010dnu da pi\u0161u za njega.<\/li>\n<\/ol>\n<p>&nbsp;<\/p>\n<p>Glavne projektne aktivnosti su:<\/p>\n<ul type=\"1\">\n<li>Odr\u017eavanje treninga za trenere iz novinske pismenosti, kriti\u010dkog mi\u0161ljenja i medijskog aktivizma;<\/li>\n<li>Izrada obrazovnih sadr\u017eaja \u2013 kurikuluma, ud\u017ebenika i onlajn kursa iz novinske pismenosti i kriti\u010dkog mi\u0161ljenja;<\/li>\n<li>Unapre\u0111enje TYM magazina (https:\/\/tymagazine.net) anga\u017eovanjem novih autora i uvo\u0111enjem balkanskih tema.<\/li>\n<\/ul>\n<p>Koordinator projekta je CDER (Srbija) a partneri su CID (Severna Makedonija); Hermes (Hrvatska), Bravo (Bosna i Hercegovina), BBA (Albanija) i Prima (Crna Gora).<\/p>\n<p>Projekat se realizuje u okviru Erazmus+ programa. Traja\u0107e od po\u010detka marta 2024. do kraja februara 2026.<\/p>\n<p>Visina granta je 160,542.00 evra.<\/p>\n<h6 style=\"text-align: right;\"><em><strong>DONATOR: <\/strong> Evropska Unija<\/em><\/h6>\n<h5><strong><span style=\"color: #666699;\">Turizam, kultura i kulturna ba\u0161tina za razvoj ruralnih zajednica<br \/>\nprojekat u okviru programa RELOAD<\/span><\/strong><\/h5>\n<p>U okviru programa ReLOaD (Regionalni program lokalne demokratije na Zapadnom Balkanu) koji je finansiran od strane EU a implementiran od strane UNDP-a i koji se sprovodi na teritoriji 5 lokalnih samouprava u Srbiji: Dimitrovgrad, Kragujevac, Kur\u0161umlija, Paracin i \u0160abac, u sredu 11. septembra potpisan je ugovor izme\u0111u donatora i Udru\u017eenja \u201ePetrus\u201d iz Zabrege za realizaciju lokalnog projekta pod nazivom \u201eTurizam, kultura i kulturna ba\u0161tina za razvoj ruralnih zajednica\u201d. Projekat koji \u0107e trajati 7 meseci i za \u010dije upravljanje je nadle\u017ean CDER kao projektni partner za cilj ima izgradnju kapaciteta za ja\u010danje turisti\u010dkih potencijala i afirmaciju kreativne kulture i kulturne ba\u0161tine.<\/p>\n<p>O\u010dekivani rezultati projekta:<\/p>\n<ul type=\"square\">\n<li style=\"list-style-type: none;\">\n<ul type=\"square\">\n<li>Obu\u010deni predstavnici formalnih i neformalnih grupa gra\u0111ana za razvoj turisti\u010dkih sadr\u017eaja i uspostavljanje programa kulturnog, rekreativnog i verskog turizma;<\/li>\n<li>Podignuti kapaciteti NVO-a, mladih i kreatora turisti\u010dkih i kulturnih manifestacija za fundraising i volonter managment u NVO;<\/li>\n<li>Ure\u0111ena nedostaju\u0107a infrastruktura za turisti\u010dke sadr\u017eaje<\/li>\n<li>Sistemski ure\u0111eni i marketin\u0161ki definisani postoje\u0107i programi i razvijena nova turisti\u010dka ponuda<\/li>\n<li>Realizovana promocija i organizovani programi turisti\u010dko kulturnog sadr\u017eaja<\/li>\n<\/ul>\n<\/li>\n<\/ul>\n<p>&nbsp;<\/p>\n<h6 style=\"text-align: right;\"><em><strong>DONATOR: <\/strong> Evropska Unija \/ UNDP<\/em><\/h6>\n<h5><strong><span style=\"color: #666699;\">Podr\u0161ka uspostavljanju modela izve\u0161avanja u socijalnoj za\u0161titi<\/span><\/strong><\/h5>\n<p>Kroz anga\u017eman od strane GIZ-a koji sprovodi Projekat Nema\u010dko-srpske razvojne saradnje \u201cUsluge socijalne za\u0161tite za osetljive grupe\u201d, CDER je sa velikim zadovoljstvom do\u0161ao u priliku da doprinese razvoju sistema izve\u0161tavanja u socijalnoj za\u0161titi.<\/p>\n<p>Budu\u0107i objedinjeni model izve\u0161tavanja lokalnih samouprava i pru\u017ealaca usluga socijalne za\u0161tite bi\u0107e vlasni\u0161tvo Republi\u010dkog i Pokrajinskog zavoda za socijalnu za\u0161titu, uloga CDER je da pru\u017ei podr\u0161ku zavodima u razvoju novog modela izve\u0161tavanja.<\/p>\n<h6 style=\"text-align: right;\"><em><strong>DONATOR: <\/strong> GIZ<\/em><\/h6>\n<h5><strong><span style=\"color: #666699;\">Razvoj odr\u017eivih usluga u zajednici u Zapadnoj Srbiji<\/span><\/strong><\/h5>\n<p>Projekat \u201eRazvoj odr\u017eivih usluga u zajednici u Zapadnoj Srbiji\u201d realizuje se u okviru programa \u201eEvropska podr\u0161ka inkluzivnom dru\u0161tvu\u201c koji finansira Evropska unija. Nosilac projekta je grad Valjevo a partneri su Karitas Valjevo i Dru\u0161tvo za cerebralnu paralizu Valjevo, kao i Centar za dru\u0161tveno ekonomski razvoj koji pru\u017ea ekspertsku podr\u0161ku.<\/p>\n<p>Projekat traje dve godine a njegov cilj je unapre\u0111enje usluge \u201ePomo\u0107 u ku\u0107i\u201c za osobe sa invaliditetom. Projektom je predvi\u0111ena pomo\u0107 u ku\u0107i osobama sa invaliditetom kroz uslugu fizioterapeuta \u010diji rad sadr\u017ei program masa\u017ee u kombinaciji sa negom ili ve\u017ebama, program terapeutskih ve\u017ebi, kao i kondicionog tretmana. Projektom je predvi\u0111ena i saradnja sa akterima u zajednici na akcijama vidljivosti, rad na dono\u0161enju preporuka i smernica, kao i istra\u017eivanja na polju potreba marginalizovanih gra\u0111ana me\u0111u kojima su deca, stara lica i osobe sa invaliditetom.<\/p>\n<p>Ukupna vrednost projekta je 140.084,14 evra, od \u010dega je vrednost donacije Evropske unije 123.974,46 evra.<\/p>\n<h6 style=\"text-align: right;\"><em><strong>DONATOR: <\/strong> Evropska Unija<\/em><\/h6>\n<h5><strong><span style=\"color: #666699;\">ZAMAH \u2013 Radnom praksom do zaposlenja i integralnih usluga u zajednici<\/span><\/strong><\/h5>\n<p>Okosnicu projekta \u010dini radna praksa u realnom i multisektorskom radnom okru\u017eenju (3 udru\u017eenja i 3 ustanove) za 6 mladih volontera-praktikanta tokom 6 meseci, \u010dime se unapre\u0111uje njihova zapo\u0161ljivost. Volonteri-praktikanti, nezaposleni mladi sa ste\u010denim obrazovanjem potrebnim da budu stru\u010dni radnici socijalne za\u0161tite, da bi dobili licencu uz ste\u010deno iskustvo pro\u0107i \u0107e i akreditovanu obuku. Kroz praksu u OCD i ustanovama, praktikanti \u0107e se osposobiti da sprovode me\u0111usektorske preventivne programe u zajednici. Praktikanti \u0107e uz mentorstvo pru\u017eiti profesionalne socijalne usluge mnogim mladima iz vulnerabilnih grupa, a zajedno sa mladim aktivistima putem javne omladinske akcije podsta\u0107i \u0107e promovisanje pozitivnih vrednosti u zajednici.<\/p>\n<p>Partneri CDER-a na projektu su Gradski centar za socijalni rad Jagodina, udru\u017eenje Centralna razvojna inicijativa, Centar za socijalni rad Para\u0107in, Centar za socijalni rad Svilajnac i Crveni krst Svilajnac.<\/p>\n<h6 style=\"text-align: right;\"><em><strong>DONATOR:<\/strong> Ministarsto omladine i sporta<br \/>\n<\/em><\/h6>\n<p>&nbsp;<\/p>\n","protected":false},"excerpt":{"rendered":"<p>MEDIActive Youth: Informing the Balkans Op\u0161ti cilj ovog dvogodi\u0161njeg projekta je nastavak izgradnje kapaciteta omladinskih nevladinih organizacija na globalnom nivou i razvoj novih visokokvalitetnih resursa otvorenog obrazovanja (OER) u oblasti medijske, tj. novinske pismenosti. Posebna pa\u017enja je posve\u0107ena Balkanu u \u0161irem evropskom kontekstu, a ovaj projekat \u0107e omogu\u0107iti organizacijama i mladima sa Balkana da se [&hellip;]<\/p>\n","protected":false},"author":1,"featured_media":0,"parent":0,"menu_order":0,"comment_status":"closed","ping_status":"closed","template":"","meta":{"footnotes":""},"class_list":["post-977","page","type-page","status-publish","hentry"],"_links":{"self":[{"href":"https:\/\/www.cder.org.rs\/srpski\/wp-json\/wp\/v2\/pages\/977"}],"collection":[{"href":"https:\/\/www.cder.org.rs\/srpski\/wp-json\/wp\/v2\/pages"}],"about":[{"href":"https:\/\/www.cder.org.rs\/srpski\/wp-json\/wp\/v2\/types\/page"}],"author":[{"embeddable":true,"href":"https:\/\/www.cder.org.rs\/srpski\/wp-json\/wp\/v2\/users\/1"}],"replies":[{"embeddable":true,"href":"https:\/\/www.cder.org.rs\/srpski\/wp-json\/wp\/v2\/comments?post=977"}],"version-history":[{"count":72,"href":"https:\/\/www.cder.org.rs\/srpski\/wp-json\/wp\/v2\/pages\/977\/revisions"}],"predecessor-version":[{"id":2314,"href":"https:\/\/www.cder.org.rs\/srpski\/wp-json\/wp\/v2\/pages\/977\/revisions\/2314"}],"wp:attachment":[{"href":"https:\/\/www.cder.org.rs\/srpski\/wp-json\/wp\/v2\/media?parent=977"}],"curies":[{"name":"wp","href":"https:\/\/api.w.org\/{rel}","templated":true}]}}